196. What is w(50)?
-4
Let z(w) = 3*w**3 + 191*w**2 - 62*w - 58. Calculate z(-64).
-186
Let r(l) = 3*l**2 - 124*l + 256. Calculate r(39).
-17
Let b(j) = 546*j - 10370. Give b(19).
4
Let i(b) = -45*b - 586. What is i(-12)?
-46
Let x(j) = 2*j**3 + 35*j**2 + 27*j + 818. Calculate x(-18).
8
Let r(q) = -598*q + 4026. Determine r(7).
-160
Let q(o) = -9*o - 54. Give q(-5).
-9
Let j(l) = -2*l**3 + 68*l**2 + 59*l + 6. Determine j(35).
-379
Let i(l) = -109*l + 1049. Determine i(10).
-41
Let m(b) = -90*b + 151. Determine m(2).
-29
Let u(i) = -40*i**2 + 2810*i - 711. Give u(70).
-11
Let n(l) = 10*l**3 - 29*l**2 - 392*l + 23. Calculate n(-5).
8
Let r(y) = 2*y**3 + 10*y**2 - 8*y - 9. Determine r(-6).
-33
Let y(m) = -11*m - 200. Calculate y(-19).
9
Let a(f) = -f**3 - 22*f**2 - 14*f - 1343. Calculate a(-24).
145
Let r(c) = -57*c - 17. Calculate r(0).
-17
Let i(z) = -2*z**2 - 76*z + 152. Give i(-39).
74
Let h(q) = 10*q - 68. Calculate h(-7).
-138
Let p(l) = 231*l + 1160. Give p(-5).
5
Let o(b) = -46*b + 261. What is o(6)?
-15
Let q(k) = -2*k**2 - 69*k - 278. Calculate q(-4).
-34
Let n(s) = -2*s - 154. Determine n(-8).
-138
Let i(k) = -k**2 - 22*k - 101. What is i(0)?
-101
Let v(j) = j**2 + 78*j + 442. Calculate v(-72).
10
Let r(s) = -328*s - 4594. What is r(-14)?
-2
Let n(a) = -7*a**3 + 5*a**2 + 12*a + 14. Give n(-2).
66
Let u(i) = -245*i + 7838. Calculate u(32).
-2
Let s(h) = 3*h**3 - 7*h**2 + 28*h - 113. What is s(5)?
227
Let c(l) = -24*l + 25. What is c(6)?
-119
Let u(m) = 225*m - 15084. Give u(67).
-9
Let o(a) = -a**3 + 7*a**2 + 3*a + 99. Determine o(8).
59
Let b(v) = v**3 - 31*v**2 - 412*v + 96. Determine b(41).
14
Let y(u) = -2*u**2 - 26*u - 81. Determine y(-7).
3
Let x(f) = -392*f + 4656. Determine x(12).
-48
Let h(r) = r**3 + 6*r**2 - 13*r - 4. Calculate h(-8).
-28
Let z(l) = -6*l**3 - 16*l**2 - 33*l - 18. What is z(-2)?
32
Let v(k) = -k**2 - 69*k - 1015. Give v(-42).
119
Let p(r) = 18*r + 55. Calculate p(-4).
-17
Let v(m) = m**3 + 53*m**2 + 100*m + 15. Determine v(-51).
117
Let x(d) = -53*d - 168. Determine x(-3).
-9
Let m(o) = -o**3 - 17*o**2 - 76*o - 32. Determine m(-9).
4
Let u(r) = 121*r - 6667. Calculate u(55).
-12
Let r(a) = 2*a**3 + 64*a**2 - 65*a + 105. Give r(-33).
72
Let y(k) = -294*k - 283. What is y(-1)?
11
Let m(w) = 5*w**2 + 102*w + 126. Give m(-15).
-279
Let j(r) = 31*r**3 + 42*r**2 + 2*r - 1. Calculate j(-2).
-85
Let i(y) = -116*y - 534. Give i(-5).
46
Let s(d) = 8*d + 269. Give s(-34).
-3
Let m(q) = 13*q + 566. Calculate m(-13).
397
Let s(b) = 2*b**2 - 67*b + 139. What is s(28)?
-169
Let y(i) = -i**3 + 35*i**2 + 392*i - 32. Calculate y(44).
-208
Let z(i) = 3*i**2 - 41*i. Determine z(10).
-110
Let s(r) = -15210*r + 76044. Give s(5).
-6
Let a(v) = 2*v**3 - 17*v**2 - 72*v - 133. Give a(12).
11
Let z(h) = 2*h**2 - 61*h - 183. Calculate z(34).
55
Let o(w) = 24*w - 101. Determine o(4).
-5
Let u(y) = 98313*y - 98311. Determine u(1).
2
Let d(g) = -234*g**2 - 2*g + 8. Determine d(1).
-228
Let c(z) = z**3 - 18*z**2 + 69*z + 49. Determine c(7).
-7
Let c(u) = u**2 - 22*u + 42. Give c(14).
-70
Let f(t) = -2*t**3 + 56*t**2 + 57*t + 24. Calculate f(29).
-5
Let u(n) = -3*n**3 - 25*n**2 - 21*n - 17. What is u(-10)?
693
Let p(m) = -m + 11. Calculate p(26).
-15
Let g(b) = 3*b**2 + 8*b + 8. Determine g(9).
323
Let d(h) = h**3 + 14*h**2 + 15*h - 13. What is d(-12)?
95
Let f(h) = -h**3 - 4*h**2 + 3*h - 11. Calculate f(-4).
-23
Let d(w) = w**3 + 4*w**2 - 55*w - 95. Determine d(-9).
-5
Let p(n) = 309*n - 3150. What is p(11)?
249
Let v(c) = -c**3 + 192*c**2 - 186*c - 983. Give v(191).
-28
Let y(l) = -l**3 - 8*l**2 - 4*l + 16. Give y(-7).
-5
Let k(c) = 2*c**2 - 4*c + 27. Give k(5).
57
Let j(m) = -7*m + 1936. Calculate j(75).
1411
Let o(u) = 434*u + 3006. Determine o(-7).
-32
Let r(p) = -4*p**3 + 272*p**2 - 8*p + 292. What is r(68)?
-252
Let p(w) = 677*w + 4738. Determine p(-7).
-1
Let a(s) = -133*s - 946. Calculate a(-6).
-148
Let u(h) = 15*h**3 + 73*h**2 - 91*h - 399. Give u(-5).
6
Let w(i) = -7*i - 11. Give w(-1).
-4
Let m(p) = p**3 - 42*p**2 + 82*p - 74. Give m(40).
6
Let i(u) = -u**3 + 24*u**2 - 33*u - 241. What is i(22)?
1
Let m(b) = -524*b + 16259. Calculate m(31).
15
Let k(m) = 864*m - 5139. Determine k(6).
45
Let t(y) = 5*y**3 - y**2 - 2*y + 8. Determine t(2).
40
Let r(h) = 2*h**3 + 11*h**2 - 31*h - 7. What is r(2)?
-9
Let o(l) = l**3 + 40*l**2 - 82*l + 115. Determine o(-42).
31
Let s(t) = 84*t + 1147. Give s(-14).
-29
Let c(r) = -15*r - 71. Determine c(-11).
94
Let p(g) = 33*g**3 + 328*g**2 - 19*g + 12. Calculate p(-10).
2
Let o(d) = -d**3 - 22*d**2 + 209*d + 194. Calculate o(-29).
20
Let d(l) = -3*l**3 + 4*l**2 + 13*l + 14. Determine d(6).
-412
Let q(j) = j + 336. Calculate q(12).
348
Let k(f) = -2*f**2 + 441*f + 21446. Calculate k(-41).
3
Let w(n) = 26*n - 291. Give w(11).
-5
Let p(w) = -w**3 - 4*w**2 + 351*w + 1738. Determine p(-5).
8
Let i(y) = 89*y**2 - 216*y - 1. Give i(2).
-77
Let r(l) = 2*l**3 - 17*l**2 - 15*l + 76. Give r(9).
22
Let v(o) = 1897*o - 15177. Determine v(8).
-1
Let a(k) = 2*k**2 - 58*k + 86. Calculate a(26).
-70
Let c(s) = -s**3 - 18*s**2 - 36*s - 54. Determine c(-16).
10
Let r(i) = -i**2 - 10*i - 36. Determine r(-15).
-111
Let o(x) = 3*x**2 - 626*x + 4628. What is o(201)?
5
Let t(d) = d**3 - 7*d**2 - 73*d - 33. Calculate t(13).
32
Let u(q) = -392*q - 217. What is u(-1)?
175
Let l(h) = 329*h - 2632. Give l(8).
0
Let k(s) = -2*s**2 - 62*s + 613. What is k(-40)?
-107
Let i(o) = o**2 + 36*o + 572. Give i(-28).
348
Let d(p) = -77*p + 3014. Calculate d(39).
11
Let x(t) = 5*t**2 + 51*t + 129. What is x(-5)?
-1
Let x(c) = -12*c**2 - c - 1. Give x(-1).
-12
Let n(m) = 3*m**3 + 42*m**2 - 45*m + 3. Calculate n(-15).
3
Let j(b) = 2*b**3 + 59*b**2 + 122*b - 52. What is j(-27)?
299
Let j(o) = -o**3 - 21*o**2 - 42*o - 31. Determine j(-19).
45
Let c(y) = 3*y**3 + 64*y**2 + 81*y + 2. Calculate c(-20).
-18
Let o(r) = 2*r**2 - 36*r + 217. Determine o(15).
127
Let l(h) = 2*h + 127. Determine l(-55).
17
Let g(y) = 181*y + 1037. What is g(-5)?
132
Let q(n) = -n**3 + 8*n**2 - 7*n + 43. What is q(8)?
-13
Let j(a) = 15*a**2 - 181*a + 6. Calculate j(12).
-6
Let f(k) = k**2 + 57*k + 715. Calculate f(-19).
-7
Let v(i) = -2025*i + 16194. Give v(8).
-6
Let z(h) = -h**3 + 3*h**2 - 6. What is z(5)?
-56
Let p(x) = 44*x**2 + 660*x + 19. Determine p(-15).
19
Let t(z) = z**3 - 15*z**2 + z + 14. Calculate t(15).
29
Let z(f) = -10*f**2 + 3*f + 13. Give z(-2).
-33
Let s(v) = 67*v - 869. Determine s(13).
2
Let q(y) = 761*y + 6841. Give q(-9).
-8
Let z(d) = d**3 - 7*d**2 - 8*d - 62. What is z(9)?
28
Let r(w) = w**3 - 4*w**2 - 13*w + 1. Give r(-3).
-23
Let d(q) = q**2 + 710*q + 4223. Give d(-6).
-1
Let r(z) = -z**3 + 19*z**2 + 20*z + 30. Determine r(20).
30
Let x(i) = -216*i - 635. What is x(-3)?
13
Let b(i) = i**3 + 88*i**2 + 231*i - 76. Give b(-3).
-4
Let t(w) = -4*w**3 + 41*w**2 - 6*w - 349. Calculate t(9).
2
Let n(a) = -a**3 + 59*a**2 - 268*a - 101. What is n(54)?
7
Let u(g) = 39*g**2 - 433*g + 46. Give u(11).
2
Let h(l) = -l**3 - 9*l**2 + 26*l + 240. Give h(-7).
-40
Let f(k) = 8*k - 323. Determine f(40).
-3
Let x(k) = -k**3 + 17*k**2 - 16*k - 18. Determine x(16).
-18
Let t(u) = 5*u**3 + 216*u**2 + 48*u + 163. Give t(-43).
-52
Let a(b) = 55*b**2 - 82*b + 40. What is a(4)?
592
Let m(c) = -3*c**3 - 47*c**2 + 17*c + 26. Calculate m(-16).
10
Let c(t) = -95*t + 6234. Give c(65).
59
Let d(g) = -13*g - 160. Calculate d(-13).
9
Let r(s) = s**3 - 3*s**2 - 126*s - 52. What is r(13)?
0
Let s(r) = -5*r**2 - 13*r + 3609. Calculate s(-28).
53
Let d(i) = -i**3 + 22*i**2 - 19*i + 18. Determine d(21).
60
Let d(l) = 4*l + 270. Give d(-66).
6
Let a(s) = -147*s + 1631. Determine a(11).
14
Let f(g) = -141*g - 1925. What is f(-14)?
49
Let j(l) = -1138*l - 34142. Calculate j(-30).
-2
Let a(g) = -71*g - 692. Calculate a(-10).
18
Let s(o) = -60*o + 2509. Give s(45).
-191
Let m(t) = 2*t**2 - 97*t + 958. Calculate m(36).
58
Let r(u) = 788*u + 4726. Calculate r(-6).
-2
Let l(v) = 169*v - 33470. Determine l(198).
-8
Let s(x) = -2*x**3 - 94*x**2 - 344*x - 14. Calculate s(-43).
-14
Let m(q) = -2*q**2 - 25*q + 149. Determine m(-16).
37
Let t(l) = -l**3 + 8*l**2 - 9*l + 22. Give t(5).
52
Let f(r) = 78*r - 420. Determine f(5).
-30
Let i(d) = d**3 + 19*d**2 - 71*d + 76. What is i(-22)?
186
Let y(